actor of 16764?
True
Is 38 a factor of 304?
True
Does 68 divide 68?
True
Does 7 divide 1267?
True
Is 60 a factor of 10065?
False
Does 20 divide 4692?
False
Is 31 a factor of 24087?
True
Is 1712 a multiple of 8?
True
Does 124 divide 40796?
True
Is 40 a factor of 1120?
True
Does 19 divide 2770?
False
Is 41 a factor of 328?
True
Is 412 a multiple of 29?
False
Is 1246 a multiple of 14?
True
Is 64 a factor of 3136?
True
Is 90 a factor of 16384?
False
Is 396 a multiple of 12?
True
Is 30240 a multiple of 189?
True
Is 45 a factor of 4995?
True
Is 18 a factor of 8019?
False
Does 35 divide 2491?
False
Does 14 divide 6216?
True
Is 19868 a multiple of 25?
False
Is 144 even?
True
Does 22 divide 1047?
False
Is 3936 a multiple of 5?
False
Does 28 divide 7000?
True
Does 13 divide 440?
False
Does 24 divide 264?
True
Does 21 divide 4305?
True
Does 40 divide 543?
False
Does 7 divide 2009?
True
Does 22 divide 66?
True
Does 9 divide 65646?
True
Is 159 a factor of 31482?
True
Does 16 divide 1408?
True
Is 15 a factor of 4344?
False
Is 2548 a multiple of 38?
False
Does 21 divide 441?
True
Is 15 a factor of 72?
False
Is 7 a factor of 3871?
True
Is 1514 a multiple of 26?
False
Does 19 divide 1082?
False
Is 85 a factor of 1777?
False
Is 101 a factor of 101?
True
Is 19 a factor of 8478?
False
Does 8 divide 1376?
True
Does 9 divide 187?
False
Is 97 a factor of 30589?
False
Is 7 a factor of 4669?
True
Is 18008 a multiple of 17?
False
Does 25 divide 950?
True
Is 1406 a multiple of 74?
True
Does 32 divide 2464?
True
Does 32 divide 352?
True
Is 324 a multiple of 9?
True
Is 1402 a multiple of 21?
False
Is 38957 a multiple of 239?
True
Is 30 a factor of 2684?
False
Is 19 a factor of 552?
False
Does 5 divide 5620?
True
Is 15 a factor of 1620?
True
Is 138 a multiple of 22?
False
Does 6 divide 11821?
False
Is 12605 a multiple of 70?
False
Is 8 a factor of 8?
True
Is 16 a factor of 2288?
True
Does 5 divide 889?
False
Does 118 divide 2230?
False
Is 76 a factor of 2676?
False
Does 15 divide 1543?
False
Is 37767 a multiple of 39?
False
Is 75 a multiple of 13?
False
Is 11850 a multiple of 158?
True
Does 123 divide 1261?
False
Is 954 a multiple of 18?
True
Is 10005 a multiple of 29?
True
Is 9 a factor of 79?
False
Is 5689 a multiple of 98?
False
Is 8 a factor of 11227?
False
Does 11 divide 1619?
False
Does 96 divide 227?
False
Is 146 a factor of 5256?
True
Is 48241 a multiple of 64?
False
Is 102 a factor of 62832?
True
Is 48 a factor of 1723?
False
Does 5 divide 3267?
False
Is 80695 a multiple of 126?
False
Is 39 a factor of 13611?
True
Is 25 a factor of 1900?
True
Is 43 a factor of 2494?
True
Is 5 a factor of 219?
False
Is 79008 a multiple of 96?
True
Is 167 a factor of 668?
True
Is 11 a factor of 2981?
True
Is 119 a factor of 4641?
True
Does 130 divide 260?
True
Does 12 divide 15888?
True
Is 3607 a multiple of 81?
False
Is 4065 a multiple of 8?
False
Does 5 divide 1044?
False
Is 12 a factor of 3264?
True
Is 9 a factor of 1503?
True
Is 660 a multiple of 22?
True
Is 6687 a multiple of 12?
False
Is 23 a factor of 3118?
False
Is 5 a factor of 53005?
True
Is 120524 a multiple of 58?
True
Is 68 a factor of 2040?
True
Is 56621 a multiple of 109?
False
Is 5 a factor of 960?
True
Does 90 divide 450?
True
Is 7 a factor of 4313?
False
Is 22 a factor of 7238?
True
Is 4 a factor of 15384?
True
Is 19982 a multiple of 194?
True
Does 22 divide 1684?
False
Does 63 divide 22617?
True
Does 37 divide 46733?
False
Is 261 a multiple of 9?
True
Does 35 divide 27548?
False
Is 10944 a multiple of 6?
True
Does 3 divide 175?
False
Is 7 a factor of 315?
True
Is 114 a factor of 11872?
False
Does 10 divide 120?
True
Is 400 a multiple of 11?
False
Does 48 divide 1200?
True
Does 36 divide 756?
True
Does 2 divide 26?
True
Does 164 divide 42656?
False
Does 18 divide 738?
True
Is 13083 a multiple of 49?
True
Is 108 a multiple of 16?
False
Is 1520 a multiple of 19?
True
Does 31 divide 3597?
False
Is 15 a factor of 5220?
True
Is 21378 a multiple of 3?
True
Does 24 divide 1464?
True
Is 11676 a multiple of 75?
False
Does 18 divide 5652?
True
Does 11 divide 3237?
False
Is 6142 a multiple of 166?
True
Is 1221 a multiple of 28?
False
Is 1622 a multiple of 311?
False
Is 23 a factor of 7498?
True
Is 51 a factor of 35037?
True
Is 6 a factor of 2628?
True
Is 82 a factor of 1045?
False
Is 2 a factor of 4530?
True
Does 145 divide 30305?
True
Does 60 divide 2160?
True
Does 37 divide 1263?
False
Is 26 a factor of 26?
True
Is 516 a multiple of 17?
False
Is 34 a factor of 9306?
False
Does 17 divide 204?
True
Is 31 a multiple of 21?
False
Does 18 divide 4734?
True
Does 3 divide 1569?
True
Is 88 a factor of 53991?
False
Does 4 divide 129?
False
Is 2 a factor of 6666?
True
Is 28 a factor of 51716?
True
Is 1233 a multiple of 26?
False
Is 10995 a multiple of 13?
False
Does 186 divide 37758?
True
Is 2176 a multiple of 16?
True
Does 13 divide 1677?
True
Is 3612 a multiple of 84?
True
Is 31 a factor of 563?
False
Does 27 divide 34074?
True
Is 10 a factor of 57160?
True
Is 83 a factor of 1642?
False
Is 107 a factor of 14136?
False
Does 17 divide 105684?
False
Is 270 a multiple of 5?
True
Does 14 divide 119?
False
Does 67 divide 1810?
False
Is 231 a factor of 11550?
True
Is 25 a factor of 68?
False
Is 6708 a multiple of 86?
True
Is 2544 a multiple of 53?
True
Is 30 a factor of 360?
True
Is 1639 a multiple of 38?
False
Is 10 a factor of 1120?
True
Is 33 a multiple of 8?
False
Does 252 divide 7714?
False
Is 77 a factor of 770?
True
Is 157 a factor of 5747?
False
Is 8640 a multiple of 40?
True
Is 202 a factor of 57100?
False
Is 4 a factor of 2478?
False
Is 7 a factor of 531?
False
Is 97 a factor of 25115?
False
Does 9 divide 10120?
False
Is 3 a factor of 2649?
True
Is 409 a factor of 3394?
False
Is 8704 a multiple of 16?
True
Is 17 a factor of 748?
True
Is 151 a factor of 13439?
True
Is 13 a factor of 1834?
False
Is 9 a factor of 153?
True
Is 58 a factor of 5568?
True
Is 3281 a multiple of 11?
False
Does 8 divide 3479?
False
Is 67564 a multiple of 266?
True
Is 7 a factor of 41055?
True
Is 5 a factor of 15910?
True
Is 126 a multiple of 14?
True
Does 46 divide 15294?
False
Does 7 divide 6769?
True
Is 24 a multiple of 6?
True
Is 22 a factor of 374?
True
Does 9 divide 2878?
False
Is 131 a factor of 18995?
True
Does 2 divide 529?
False
Does 20 divide 2888?
False
Does 35 divide 467?
False
Is 2 a factor of 849?
False
Is 52308 a multiple of 12?
True
Is 2205 a multiple of 63?
True
Is 549 a multiple of 3?
True
Is 1134 a multiple of 21?
True
Is 17 a factor of 390?
False
Is 155 a factor of 4887?
False
Is 2765 a multiple of 84?
False
Does 4 divide 8248?
True
Is 1881 a multiple of 33?
True
Is 3011 a multiple of 10?
False
Does 92 divide 2668?
True
Does 114 divide 3192?
True
Does 7 divide 1031?
False
Does 6 divide 44850?
True
Is 3052 a multiple of 109?
True
Is 17 a factor of 556?
False
Is 22310 a multiple of 34?
False
Does 35 divide 7105?
True
Is 4134 a multiple of 78?
True
Is 39 a factor of 2496?
True
Does 105 divide 105?
True
Is 296 a multiple of 16?
False
Is 643 a multiple of 13?
False
Is 2968 a multiple of 7?
True
Is 1157 a multiple of 13?
True
Does 3 divide 6755?
False
Is 792 a multiple of 22?
True
Is 2798 a multiple of 16?
False
Is 68 a factor of 4053?
False
Is 14231 a multiple of 6?
False
Does 49 divide 833?
True
Does 104 divide 3952?
True
Is 469 a multiple of 48?
False
Is 10 a factor of 23240?
True
Does 6 divide 81738?
True
Is 1193 a multiple of 3?
False
Does 8 divide 2104?
True
Is 442 a multiple of 13?
True
Is 202 a multiple of 27?
False
Does 83 divide 2051?
False
Is 16 a factor of 1142?
False
Is 4200 a multiple of 105?
True
Is 137 a factor of 7124?
True
Does 6 divide 175?
False
Is 301 a multiple of 5?
False
Does 18 divide 1350?
True
Is 30794 a multiple of 256?
False
Does 5 divide 14474?
False
Is 915 a multiple of 9?
False
Is 68 a factor of 15606?
False
Does 14 divide 1148?
True
Is 48822 a multiple of 206?
True
Is 16 a factor of 131072?
True
Is 11238 a multiple of 6?
True
Is 79 a factor of 3239?
True
Is 50 a factor of 67612?
False
Is 33 a multiple of 3?
True
Does 14 divide 11357?
False
Is 9 a factor of 81?
True
Is 4 a factor of 5253?
False
Is 25 a factor of 2792?
False
Is 43 a factor of 817?
True
Is 97 a factor of 37248?
True
Is 30042 a multiple of 1